 is divided by 1055?
0
Calculate the remainder when 348630 is divided by 245.
240
Calculate the remainder when 607 is divided by 203.
201
Calculate the remainder when 247693 is divided by 54.
49
What is the remainder when 292215 is divided by 10076?
11
What is the remainder when 717316 is divided by 14944?
4
Calculate the remainder when 27515 is divided by 1718.
27
What is the remainder when 17827 is divided by 45?
7
What is the remainder when 26545 is divided by 483?
463
Calculate the remainder when 335539 is divided by 248.
243
Calculate the remainder when 88307 is divided by 44.
43
Calculate the remainder when 117160 is divided by 189.
169
What is the remainder when 34372 is divided by 1718?
12
Calculate the remainder when 7488 is divided by 11.
8
Calculate the remainder when 1281 is divided by 211.
15
What is the remainder when 100087 is divided by 184?
175
Calculate the remainder when 21774 is divided by 1038.
1014
What is the remainder when 67459 is divided by 4813?
77
What is the remainder when 1483 is divided by 331?
159
What is the remainder when 2463 is divided by 405?
33
What is the remainder when 56762 is divided by 8107?
13
What is the remainder when 18842 is divided by 2083?
95
What is the remainder when 7885 is divided by 7871?
14
Calculate the remainder when 2689 is divided by 1095.
499
What is the remainder when 5923 is divided by 1476?
19
Calculate the remainder when 15932 is divided by 5238.
218
Calculate the remainder when 957 is divided by 266.
159
Calculate the remainder when 2799 is divided by 161.
62
Calculate the remainder when 618142 is divided by 822.
820
What is the remainder when 64419 is divided by 1056?
3
What is the remainder when 19608 is divided by 145?
33
Calculate the remainder when 1772 is divided by 949.
823
Calculate the remainder when 17891 is divided by 5963.
2
Calculate the remainder when 1822 is divided by 900.
22
What is the remainder when 242814 is divided by 1710?
1704
What is the remainder when 9933 is divided by 6?
3
What is the remainder when 43859 is divided by 204?
203
What is the remainder when 25285 is divided by 12636?
13
What is the remainder when 2144 is divided by 214?
4
What is the remainder when 9348455 is divided by 19?
18
Calculate the remainder when 6569355 is divided by 20.
15
What is the remainder when 26646 is divided by 324?
78
What is the remainder when 5495 is divided by 5393?
102
Calculate the remainder when 2997 is divided by 1488.
21
What is the remainder when 603080 is divided by 13?
10
Calculate the remainder when 5316 is divided by 267.
243
Calculate the remainder when 3303 is divided by 161.
83
What is the remainder when 6527 is divided by 31?
17
What is the remainder when 165367 is divided by 66?
37
Calculate the remainder when 16681 is divided by 38.
37
Calculate the remainder when 155898 is divided by 31178.
8
What is the remainder when 2830 is divided by 330?
190
Calculate the remainder when 4433 is divided by 1461.
50
Calculate the remainder when 1088832 is divided by 33.
30
What is the remainder when 77952 is divided by 43?
36
Calculate the remainder when 6237 is divided by 195.
192
Calculate the remainder when 6267 is divided by 190.
187
What is the remainder when 5039 is divided by 33?
23
What is the remainder when 823070 is divided by 40?
30
What is the remainder when 5263 is divided by 524?
23
What is the remainder when 1829 is divided by 6?
5
Calculate the remainder when 2923 is divided by 953.
64
What is the remainder when 5893426 is divided by 69?
67
What is the remainder when 23085 is divided by 48?
45
Calculate the remainder when 4432 is divided by 543.
88
What is the remainder when 45053 is divided by 16?
13
What is the remainder when 1613634 is divided by 4?
2
Calculate the remainder when 114 is divided by 11.
4
What is the remainder when 24870 is divided by 1131?
1119
Calculate the remainder when 44669 is divided by 131.
129
What is the remainder when 3013325 is divided by 5806?
11
Calculate the remainder when 41631 is divided by 18.
15
Calculate the remainder when 1828 is divided by 363.
13
Calculate the remainder when 4797 is divided by 400.
397
Calculate the remainder when 14600 is divided by 49.
47
Calculate the remainder when 968 is divided by 216.
104
What is the remainder when 346 is divided by 78?
34
Calculate the remainder when 226019 is divided by 3705.
14
Calculate the remainder when 20816 is divided by 117.
107
What is the remainder when 6844 is divided by 476?
180
What is the remainder when 751547 is divided by 389?
388
What is the remainder when 979330 is divided by 136?
130
What is the remainder when 5385 is divided by 1407?
1164
What is the remainder when 77196 is divided by 130?
106
Calculate the remainder when 425770 is divided by 40.
10
What is the remainder when 837 is divided by 446?
391
What is the remainder when 916 is divided by 113?
12
Calculate the remainder when 654 is divided by 140.
94
Calculate the remainder when 4125 is divided by 586.
23
Calculate the remainder when 2428 is divided by 546.
244
Calculate the remainder when 2686 is divided by 10.
6
Calculate the remainder when 14481 is divided by 126.
117
Calculate the remainder when 4295 is divided by 475.
20
Calculate the remainder when 2803 is divided by 2433.
370
What is the remainder when 12776 is divided by 36?
32
What is the remainder when 200 is divided by 122?
78
Calculate the remainder when 16981 is divided by 257.
19
What is the remainder when 1217 is divided by 276?
113
Calculate the remainder when 11547 is divided by 2279.
152
What is the remainder when 2167 is divided by 250?
167
Calculate the remainder when 357926 is divided by 18.
14
What is the remainder when 485102 is divided by 485094?
8
What is the remainder when 888809 is divided by 1649?
1647
What is the remainder when 7931 is divided by 104?
27
Calculate the remainder when 33789 is divided by 2410.
49
What is the remainder when 806465 is divided by 91?
23
Calculate the remainder when 670259 is divided by 33.
29
Calculate the remainder when 79965 is divided by 292.
249
What is the remainder when 5947 is divided by 39?
19
What is the remainder when 243025 is divided by 76?
53
Calculate the remainder when 98494 is divided by 24568.
222
Calculate the remainder when 3740789 is divided by 53.
49
Calculate the remainder when 13456 is divided by 408.
400
What is the remainder when 117951 is divided by 21?
15
What is the remainder when 5625 is divided by 104?
9
What is the remainder when 269304 is divided by 1642?
16
Calculate the remainder when 69913 is divided by 451.
8
What is the remainder when 476080 is divided by 43279?
11
What is the remainder when 19404 is divided by 36?
0
What is the remainder when 16909 is divided by 131?
10
What is the remainder when 424388 is divided by 74?
72
What is the remainder when 23062 is divided by 115?
62
What is the remainder when 42460 is divided by 55?
0
What is the remainder when 6496 is divided by 2150?
46
What is the remainder when 64363 is divided by 23?
9
What is the remainder when 565 is divided by 28?
5
Calculate the remainder when 16385 is divided by 213.
197
Calculate the remainder when 125566 is divided by 67.
8
Calculate the remainder when 3205 is divided by 153.
145
Calculate the remainder when 1238351 is divided by 26.
23
What is the remainder when 286708 is divided by 19?
17
Calculate the remainder when 4091 is divided by 187.
164
What is the remainder when 6242 is divided by 4607?
1635
Calculate the remainder when 9942 is divided by 242.
20
What is the remainder when 7958 is divided by 158?
58
What is the remainder when 2268 is divided by 92?
60
What is the remainder when 148508 is divided by 2?
0
What is the remainder when 16205 is divided by 1628?
1553
Calculate the remainder when 16489 is divided by 455.
109
Calculate the remainder when 9575 is divided by 188.
175
What is the remainder when 69043 is divided by 21?
16
Calculate the remainder when 3120 is divided by 115.
15
Calculate the remainder when 344305 is divided by 114766.
7
What is the remainder when 30776 is divided by 90?
86
What is the remainder when 17693 is divided by 2945?
23
What is the remainder when 53125 is divided by 30?
25
Calculate the remainder when 42500 is divided by 168.
1